{"id":1647,"date":"2019-02-27T11:07:46","date_gmt":"2019-02-27T17:07:46","guid":{"rendered":"http:\/\/fundacion-stresser.com.mx\/beta\/fr\/?post_type=fw-portfolio&#038;p=1647"},"modified":"2019-03-22T13:32:11","modified_gmt":"2019-03-22T19:32:11","slug":"exposition-michoacan","status":"publish","type":"fw-portfolio","link":"http:\/\/fundacion-stresser.com.mx\/fr\/project\/exposition-michoacan\/","title":{"rendered":"Exposition Michoac\u00e1n"},"content":{"rendered":"<p>Photos de l&rsquo;\u00e9v\u00e9nement<\/p>\n<p>&nbsp;<\/p>\n<p>&nbsp;<\/p>\n<ul>\n<li>Gr\u00e9gory Pereira et Eliseo Padilla commentent l\u2019exposition \u00ab\u00a0La Ciudad Perdida\u00a0\u00bb<\/li>\n<\/ul>\n","protected":false},"excerpt":{"rendered":"<p>Photos de l&rsquo;\u00e9v\u00e9nement &nbsp; &nbsp; Gr\u00e9gory Pereira et Eliseo Padilla commentent l\u2019exposition \u00ab\u00a0La Ciudad Perdida\u00a0\u00bb<\/p>\n","protected":false},"featured_media":1652,"comment_status":"open","ping_status":"closed","template":"","_links":{"self":[{"href":"http:\/\/fundacion-stresser.com.mx\/fr\/wp-json\/wp\/v2\/fw-portfolio\/1647"}],"collection":[{"href":"http:\/\/fundacion-stresser.com.mx\/fr\/wp-json\/wp\/v2\/fw-portfolio"}],"about":[{"href":"http:\/\/fundacion-stresser.com.mx\/fr\/wp-json\/wp\/v2\/types\/fw-portfolio"}],"replies":[{"embeddable":true,"href":"http:\/\/fundacion-stresser.com.mx\/fr\/wp-json\/wp\/v2\/comments?post=1647"}],"version-history":[{"count":2,"href":"http:\/\/fundacion-stresser.com.mx\/fr\/wp-json\/wp\/v2\/fw-portfolio\/1647\/revisions"}],"predecessor-version":[{"id":1814,"href":"http:\/\/fundacion-stresser.com.mx\/fr\/wp-json\/wp\/v2\/fw-portfolio\/1647\/revisions\/1814"}],"wp:featuredmedia":[{"embeddable":true,"href":"http:\/\/fundacion-stresser.com.mx\/fr\/wp-json\/wp\/v2\/media\/1652"}],"wp:attachment":[{"href":"http:\/\/fundacion-stresser.com.mx\/fr\/wp-json\/wp\/v2\/media?parent=1647"}],"curies":[{"name":"wp","href":"https:\/\/api.w.org\/{rel}","templated":true}]}}

Exposition Michoacán

<p>Photos de l&rsquo;événement</p>
<p>&nbsp;</p>
<p>&nbsp;</p>
<ul>
<li>Grégory Pereira et Eliseo Padilla commentent l’exposition « La Ciudad Perdida »</li>
</ul>

<p>Photos de l&rsquo;événement &nbsp; &nbsp; Grégory Pereira et Eliseo Padilla commentent l’exposition « La Ciudad Perdida »</p>
