{"id":1830,"date":"2019-08-08T12:59:50","date_gmt":"2019-08-08T17:59:50","guid":{"rendered":"http:\/\/fundacion-stresser.com.mx\/fr\/?page_id=1830"},"modified":"2019-08-08T13:18:15","modified_gmt":"2019-08-08T18:18:15","slug":"guy-stresser-pean","status":"publish","type":"page","link":"http:\/\/fundacion-stresser.com.mx\/fr\/guy-stresser-pean\/","title":{"rendered":"Guy Stresser-P\u00e9an"},"content":{"rendered":"<p>[vc_section css=\u00a0\u00bb.vc_custom_1551290147430{margin-top: 0px !important;padding-top: 0px !important;padding-bottom: 55px !important;}\u00a0\u00bb][vc_row][vc_column][vc_separator color=\u00a0\u00bbcustom\u00a0\u00bb el_width=\u00a0\u00bb10&Prime; accent_color=\u00a0\u00bb#adadad\u00a0\u00bb][vc_column_text]<\/p>\n<p style=\"text-align: justify;\">N\u00e9 en 1913 \u00e0 Paris, Guy Stresser-P\u00e9an, passe son enfance dans la province du Poitou. Lorsqu\u2019il atteint l\u2019\u00e2ge de 15 ans, la famille revient \u00e0 Paris o\u00f9 il passe son baccalaur\u00e9at. \u00c0 la demande de ses parents, il fait tout d\u2019abord des \u00e9tudes de droit et obtient le dipl\u00f4me des Sciences Politiques. Mais il \u00e9prouve peu d\u2019int\u00e9r\u00eat \u00e0 se sp\u00e9cialiser dans cette branche et c\u2019est alors qu\u2019il ira suivre les cours de pr\u00e9histoire du professeur Vayson de Pradenne, ainsi que du grand ethnologue Marcel Mauss. Ayant enfin trouv\u00e9 sa vocation, il est re\u00e7u brillamment \u00e0 ses examens. \u00c0 l\u2019\u00c9cole Pratique des Hautes \u00c9tudes, il suit les cours du pasteur Leenhardt et du docteur Paul Rivet. C\u2019est alors que ce dernier remarque cet \u00e9tudiant hors du commun et lui demande, en 1936, de partir au Mexique \u00e9tudier les Huast\u00e8ques et tout particuli\u00e8rement leur religion, ainsi que la Danse du Volador. Jusque fin 1938, passionn\u00e9 par ses \u00e9tudes de terrain et le contact avec les Huast\u00e8ques, il recueille de nombreuses donn\u00e9es et repart en France avec l\u2019intention de revenir au plus vite dans la Huasteca. Mais la Deuxi\u00e8me Guerre Mondiale bouleverse ses projets. \u00c0 la fin de cette guerre, il est licenci\u00e9 en g\u00e9ologie et pr\u00e9sente, en 1947, son travail La Danse du Volador, \u00e0 l\u2019\u00c9cole Pratique des Hautes \u00c9tudes pour obtenir le dipl\u00f4me d\u2019Histoire des Religions.<\/p>\n<p style=\"text-align: justify;\">Il ne pourra revenir au Mexique qu\u2019en 1952 gr\u00e2ce \u00e0 l\u2019appui financier de la Fondation Rockefeller et de sa famille. En 1954 il est nomm\u00e9 professeur \u00e0 l\u2019\u00c9cole Pratique des Hautes \u00c9tudes de Paris pour y enseigner l\u2019histoire des religions d\u2019Am\u00e9rique. N\u00e9anmoins, il vient au Mexique chaque ann\u00e9e, quelques mois, afin de suivre ses recherches de terrain dans des conditions tr\u00e8s difficiles car il ne peut se lib\u00e9rer que durant la saison des pluies au Mexique, saison qui correspond en France \u00e0 l\u2019\u00e9poque des vacances.<\/p>\n<p style=\"text-align: justify;\">En 1960, \u00e0 la demande du gouvernement mexicain et avec l\u2019accord du gouvernement fran\u00e7ais, il fonde la Mission Arch\u00e9ologique et Ethnologique Fran\u00e7aise et fait venir pour travailler avec lui des chercheurs de toutes disciplines scientifiques (arch\u00e9ologie, ethnologie, biologie v\u00e9g\u00e9tale, biologie animale, vulcanologie, g\u00e9ologie&#8230;). Cette Mission sera transform\u00e9e en Institut de recherches en 1970 et deviendra par la suite le Centre d\u2019\u00c9tudes Mexicaines et Centram\u00e9ricaines (CEMCA).<\/p>\n<p style=\"text-align: justify;\">Malgr\u00e9 sa passion pour l\u2019enqu\u00eate ethnologique, il va diriger plusieurs campagnes de fouilles dans diff\u00e9rents sites de la Huasteca. De 1961 \u00e0 1964, Tamtok et ses environs, \u00ab\u00a0municipio\u00a0\u00bb Tamu\u00edn, S.L.P. De 1965 \u00e0 1967, Vista Hermosa, \u00ab\u00a0municipio\u00a0\u00bb Nuevo Morelos, Tamaulipas. Dans cette m\u00eame ann\u00e9e, il r\u00e9alise une reconnaissance du site postclassique de Platanito, \u00ab\u00a0municipio\u00a0\u00bb Valles, S.L.P. et y r\u00e9alise une fouille d\u2019un mois, interrompue par l\u2019hostilit\u00e9 des paysans de l\u2019endroit, dont la principale activit\u00e9 \u00e9tait de violer les s\u00e9pultures pour vendre les plus belles pi\u00e8ces \u00e0 Tampico. En 1968 et 1969, d\u00e9sireux de d\u00e9terminer avec pr\u00e9cision jusqu\u2019o\u00f9 \u00e9tait all\u00e9e, dans le nord du pays, l\u2019occupation huast\u00e8que, Guy Stresser-P\u00e9an d\u00e9cide d\u2019entreprendre la fouille du site d\u2019\u00e9poque classique r\u00e9cente de San Antonio Nogalar, \u00ab\u00a0municipio\u00a0\u00bb Gonz\u00e1lez, Tamaulipas.<\/p>\n<p style=\"text-align: justify;\">En 1962, le gouvernement mexicain le d\u00e9core de l\u2019Aigle Azt\u00e8que et il re\u00e7oit en 1969, au nom du Pr\u00e9sident de la R\u00e9publique Fran\u00e7aise, la L\u00e9gion d\u2019Honneur.<\/p>\n<p style=\"text-align: justify;\">\u00c0 partir de 1970, Guy Stresser-P\u00e9an prend sur lui tout le poids de l\u2019organisation administrative de nombreuses missions scientifiques, de travaux de laboratoire et d\u00e9cide, en 1972, de fonder la collection \u00ab\u00a0\u00c9tudes M\u00e9soam\u00e9ricaines\u00a0\u00bb qui va publier les travaux scientifiques des membres de la Mission. Le CNRS s\u2019\u00e9tait joint alors au Minist\u00e8re des Affaires \u00c9trang\u00e8res de Paris pour financer ces missions et aider au recrutement des chercheurs. C\u2019est ainsi qu\u2019il aura cr\u00e9\u00e9 une \u00e9quipe fran\u00e7aise de chercheurs dont le r\u00f4le principal est de travailler en bon accord avec les chercheurs mexicains.<\/p>\n<p style=\"text-align: justify;\">D\u00e9sireux quant \u00e0 lui de poursuivre ses travaux personnels, il prend sa retraite en 1977 et va retourner sur le terrain, chez les Huast\u00e8ques (Tamaletom, S.L.P.), chez les Nahuas de la Huasteca m\u00e9ridionale (Chililico, Xilitla\u2026, Hgo.) et dans la Sierra Nord de Puebla.<\/p>\n<p style=\"text-align: justify;\">C\u2019est alors qu\u2019il d\u00e9couvre l\u2019existence d\u2019un codex qu\u2019il publiera sous le nom de Codex de Xicotepec ainsi que l\u2019existence, chez les Totonaques du nord de Puebla, et l\u2019utilisation encore vivante de leur antique calendrier.<br \/>\nEn m\u00eame temps, il r\u00e9dige ses travaux d\u2019arch\u00e9ologie et ses enqu\u00eates ethnologiques, ce qu\u2019il fera jusqu\u2019\u00e0 sa mort, \u00e0 Mexico, le 8 novembre 2009.<\/p>\n<p style=\"text-align: justify;\"><strong>Bibliographie<br \/>\n<\/strong>San Antonio Nogalar, la Sierra de Tamaulipas et la fronti\u00e8re nord-est de la M\u00e9soam\u00e9rique, Mission arch\u00e9ologique et ethnologique fran\u00e7aise au Mexique, Mexico, 1977.<\/p>\n<p style=\"text-align: justify;\">El arado criollo en M\u00e9xico y Am\u00e9rica Central, CEMCA, IFAL, ORSTOM, Mexico, 1988.<\/p>\n<p style=\"text-align: justify;\">Le Codex de Xicotepec, \u00e9tude et interpr\u00e9tation (\u00e9dition en fran\u00e7ais) [El C\u00f3dice de Xicotepec, estudio e interpretaci\u00f3n (\u00e9dition en espagnol)], Gobierno del estado de Puebla, Fondo de Cultura Econ\u00f3mica, CEMCA, Mexico, 1995.<\/p>\n<p style=\"text-align: justify;\">Les Lienzos d\u2019Acaxochitl\u00e1n (Hidalgo) et leur importance pour l\u2019histoire du peuplement de la Sierra Nord de Puebla et des zones voisines \/ Los Lienzos de Acaxochitl\u00e1n (Hidalgo) y su importancia en la historia del poblamiento de la Sierra Norte de Puebla y zonas vecinas, (\u00e9dition bilingue fran\u00e7ais-espagnol), Gobierno del estado de Hidalgo, CEMCA, Mexico,1998.<\/p>\n<p style=\"text-align: justify;\">San Antonio Nogalar, la Sierra de Tamaulipas y la frontera noreste de Mesoam\u00e9rica, CIESAS, CEMCA, Colegio de San Luis, Universidad de Tamaulipas, Mexico, 2001.<\/p>\n<p style=\"text-align: justify;\">Tamtok, sitio arqueol\u00f3gico huasteco, Vol. I, Su historia, sus edificios, (coauteur Claude Stresser-P\u00e9an), Instituto de Cultura de San Luis Potos\u00ed, Colegio de San Luis, INAH, CEMCA, Fondation Singer Polignac, Mexico, 2001.<\/p>\n<p style=\"text-align: justify;\">Le Soleil-Dieu et le Christ. La christianisation des Indiens du Mexique, vue de la Sierra Nord de Puebla, L\u2019Harmattan, Paris, 2005.<\/p>\n<p style=\"text-align: justify;\">Tamtok, sitio arqueol\u00f3gico huasteco, Vol. II, Su vida cotidiana, (coauteur Claude Stresser-P\u00e9an), CEMCA, INAH, Instituto Cultural de San Luis Potos\u00ed, Fomento Cultural Banamex, Mexico, 2005.<\/p>\n<p style=\"text-align: justify;\">Viaje a la Huasteca con Guy Stresser-P\u00e9an, coordinador Guilhem Olivier, CEMCA, Fondo de Cultura Econ\u00f3mica, Mexico, 2008.<\/p>\n<p style=\"text-align: justify;\">The Sun God and the Savior. The Christianization of the Nahua and Totonac in the Sierra Norte de Puebla, Mexico, University Press of Colorado, Boulder Colorado, 2009.<\/p>\n<p style=\"text-align: justify;\"><strong>\u00c9ditions posthumes<br \/>\n<\/strong>El Sol-Dios y Cristo. La cristianizaci\u00f3n de los indios de Mexico vista desde la Sierra de Puebla, Fondo de Cultura Econ\u00f3mica, CEMCA, Conaculta, Embajada de Francia en Mexico, Mexico, 2011.<\/p>\n<p style=\"text-align: justify;\">La Danse du Volador chez les Indiens du Mexique et de l&rsquo;Am\u00e9rique Centrale, Riveneuve \u00e9ditions, Paris, 2015.<\/p>\n<p style=\"text-align: justify;\">La Danza del Volador entre los indios de Mexico y Am\u00e9rica Central, Fondo de Cultura Econ\u00f3mica, CEMCA, Secretar\u00eda de Cultura del gobierno de San Luis Potos\u00ed, El Colegio de San Luis, Mexico, 2016.<\/p>\n<p style=\"text-align: justify;\">Vista Hermosa, nobles artesanos y mercaderes en los confines del mundo huasteco. Estudio arqueol\u00f3gico de un sitio del Poscl\u00e1sico Tard\u00edo del municipio de Nuevo Morelos, Tamaulipas, M\u00e9xico, Volumen I, Camino al Inframundo (Guy et Claude Stresser-P\u00e9an et Gr\u00e9gory Pereira), Claude Stresser-P\u00e9an coord., Secretar\u00eda de Cultura, INAH, Museo Nacional de Antropolog\u00eda, Fundaci\u00f3n Stresser-P\u00e9an, CEMCA, Mexico, 2017.<\/p>\n<p style=\"text-align: justify;\"><strong>Articles<\/strong><br \/>\nPlus de 70 articles scientifiques publi\u00e9s dans des revues, des congr\u00e8s ou des livres d\u2019hommage. En fran\u00e7ais, espagnol ou anglais.<\/p>\n<p>[\/vc_column_text][\/vc_column][\/vc_row][\/vc_section]<\/p>\n","protected":false},"excerpt":{"rendered":"<p>[vc_section css=\u00a0\u00bb.vc_custom_1551290147430{margin-top: 0px !important;padding-top: 0px !important;padding-bottom: 55px !important;}\u00a0\u00bb][vc_row][vc_column][vc_separator color=\u00a0\u00bbcustom\u00a0\u00bb el_width=\u00a0\u00bb10&Prime; accent_color=\u00a0\u00bb#adadad\u00a0\u00bb][vc_column_text] N\u00e9 en 1913 \u00e0 Paris, Guy Stresser-P\u00e9an, passe son\u2026 <a href=\"http:\/\/fundacion-stresser.com.mx\/fr\/guy-stresser-pean\/\">more<\/a><\/p>\n","protected":false},"author":1,"featured_media":0,"parent":0,"menu_order":0,"comment_status":"closed","ping_status":"closed","template":"","meta":{"footnotes":""},"_links":{"self":[{"href":"http:\/\/fundacion-stresser.com.mx\/fr\/wp-json\/wp\/v2\/pages\/1830"}],"collection":[{"href":"http:\/\/fundacion-stresser.com.mx\/fr\/wp-json\/wp\/v2\/pages"}],"about":[{"href":"http:\/\/fundacion-stresser.com.mx\/fr\/wp-json\/wp\/v2\/types\/page"}],"author":[{"embeddable":true,"href":"http:\/\/fundacion-stresser.com.mx\/fr\/wp-json\/wp\/v2\/users\/1"}],"replies":[{"embeddable":true,"href":"http:\/\/fundacion-stresser.com.mx\/fr\/wp-json\/wp\/v2\/comments?post=1830"}],"version-history":[{"count":1,"href":"http:\/\/fundacion-stresser.com.mx\/fr\/wp-json\/wp\/v2\/pages\/1830\/revisions"}],"predecessor-version":[{"id":1846,"href":"http:\/\/fundacion-stresser.com.mx\/fr\/wp-json\/wp\/v2\/pages\/1830\/revisions\/1846"}],"wp:attachment":[{"href":"http:\/\/fundacion-stresser.com.mx\/fr\/wp-json\/wp\/v2\/media?parent=1830"}],"curies":[{"name":"wp","href":"https:\/\/api.w.org\/{rel}","templated":true}]}}

Guy Stresser-Péan

<p>[vc_section css= ».vc_custom_1551290147430{margin-top: 0px !important;padding-top: 0px !important;padding-bottom: 55px !important;} »][vc_row][vc_column][vc_separator color= »custom » el_width= »10&Prime; accent_color= »#adadad »][vc_column_text]</p>
<p style="text-align: justify;">Né en 1913 à Paris, Guy Stresser-Péan, passe son enfance dans la province du Poitou. Lorsqu’il atteint l’âge de 15 ans, la famille revient à Paris où il passe son baccalauréat. À la demande de ses parents, il fait tout d’abord des études de droit et obtient le diplôme des Sciences Politiques. Mais il éprouve peu d’intérêt à se spécialiser dans cette branche et c’est alors qu’il ira suivre les cours de préhistoire du professeur Vayson de Pradenne, ainsi que du grand ethnologue Marcel Mauss. Ayant enfin trouvé sa vocation, il est reçu brillamment à ses examens. À l’École Pratique des Hautes Études, il suit les cours du pasteur Leenhardt et du docteur Paul Rivet. C’est alors que ce dernier remarque cet étudiant hors du commun et lui demande, en 1936, de partir au Mexique étudier les Huastèques et tout particulièrement leur religion, ainsi que la Danse du Volador. Jusque fin 1938, passionné par ses études de terrain et le contact avec les Huastèques, il recueille de nombreuses données et repart en France avec l’intention de revenir au plus vite dans la Huasteca. Mais la Deuxième Guerre Mondiale bouleverse ses projets. À la fin de cette guerre, il est licencié en géologie et présente, en 1947, son travail La Danse du Volador, à l’École Pratique des Hautes Études pour obtenir le diplôme d’Histoire des Religions.</p>
<p style="text-align: justify;">Il ne pourra revenir au Mexique qu’en 1952 grâce à l’appui financier de la Fondation Rockefeller et de sa famille. En 1954 il est nommé professeur à l’École Pratique des Hautes Études de Paris pour y enseigner l’histoire des religions d’Amérique. Néanmoins, il vient au Mexique chaque année, quelques mois, afin de suivre ses recherches de terrain dans des conditions très difficiles car il ne peut se libérer que durant la saison des pluies au Mexique, saison qui correspond en France à l’époque des vacances.</p>
<p style="text-align: justify;">En 1960, à la demande du gouvernement mexicain et avec l’accord du gouvernement français, il fonde la Mission Archéologique et Ethnologique Française et fait venir pour travailler avec lui des chercheurs de toutes disciplines scientifiques (archéologie, ethnologie, biologie végétale, biologie animale, vulcanologie, géologie&#8230;). Cette Mission sera transformée en Institut de recherches en 1970 et deviendra par la suite le Centre d’Études Mexicaines et Centraméricaines (CEMCA).</p>
<p style="text-align: justify;">Malgré sa passion pour l’enquête ethnologique, il va diriger plusieurs campagnes de fouilles dans différents sites de la Huasteca. De 1961 à 1964, Tamtok et ses environs, « municipio » Tamuín, S.L.P. De 1965 à 1967, Vista Hermosa, « municipio » Nuevo Morelos, Tamaulipas. Dans cette même année, il réalise une reconnaissance du site postclassique de Platanito, « municipio » Valles, S.L.P. et y réalise une fouille d’un mois, interrompue par l’hostilité des paysans de l’endroit, dont la principale activité était de violer les sépultures pour vendre les plus belles pièces à Tampico. En 1968 et 1969, désireux de déterminer avec précision jusqu’où était allée, dans le nord du pays, l’occupation huastèque, Guy Stresser-Péan décide d’entreprendre la fouille du site d’époque classique récente de San Antonio Nogalar, « municipio » González, Tamaulipas.</p>
<p style="text-align: justify;">En 1962, le gouvernement mexicain le décore de l’Aigle Aztèque et il reçoit en 1969, au nom du Président de la République Française, la Légion d’Honneur.</p>
<p style="text-align: justify;">À partir de 1970, Guy Stresser-Péan prend sur lui tout le poids de l’organisation administrative de nombreuses missions scientifiques, de travaux de laboratoire et décide, en 1972, de fonder la collection « Études Mésoaméricaines » qui va publier les travaux scientifiques des membres de la Mission. Le CNRS s’était joint alors au Ministère des Affaires Étrangères de Paris pour financer ces missions et aider au recrutement des chercheurs. C’est ainsi qu’il aura créé une équipe française de chercheurs dont le rôle principal est de travailler en bon accord avec les chercheurs mexicains.</p>
<p style="text-align: justify;">Désireux quant à lui de poursuivre ses travaux personnels, il prend sa retraite en 1977 et va retourner sur le terrain, chez les Huastèques (Tamaletom, S.L.P.), chez les Nahuas de la Huasteca méridionale (Chililico, Xilitla…, Hgo.) et dans la Sierra Nord de Puebla.</p>
<p style="text-align: justify;">C’est alors qu’il découvre l’existence d’un codex qu’il publiera sous le nom de Codex de Xicotepec ainsi que l’existence, chez les Totonaques du nord de Puebla, et l’utilisation encore vivante de leur antique calendrier.<br />
En même temps, il rédige ses travaux d’archéologie et ses enquêtes ethnologiques, ce qu’il fera jusqu’à sa mort, à Mexico, le 8 novembre 2009.</p>
<p style="text-align: justify;"><strong>Bibliographie<br />
</strong>San Antonio Nogalar, la Sierra de Tamaulipas et la frontière nord-est de la Mésoamérique, Mission archéologique et ethnologique française au Mexique, Mexico, 1977.</p>
<p style="text-align: justify;">El arado criollo en México y América Central, CEMCA, IFAL, ORSTOM, Mexico, 1988.</p>
<p style="text-align: justify;">Le Codex de Xicotepec, étude et interprétation (édition en français) [El Códice de Xicotepec, estudio e interpretación (édition en espagnol)], Gobierno del estado de Puebla, Fondo de Cultura Económica, CEMCA, Mexico, 1995.</p>
<p style="text-align: justify;">Les Lienzos d’Acaxochitlán (Hidalgo) et leur importance pour l’histoire du peuplement de la Sierra Nord de Puebla et des zones voisines / Los Lienzos de Acaxochitlán (Hidalgo) y su importancia en la historia del poblamiento de la Sierra Norte de Puebla y zonas vecinas, (édition bilingue français-espagnol), Gobierno del estado de Hidalgo, CEMCA, Mexico,1998.</p>
<p style="text-align: justify;">San Antonio Nogalar, la Sierra de Tamaulipas y la frontera noreste de Mesoamérica, CIESAS, CEMCA, Colegio de San Luis, Universidad de Tamaulipas, Mexico, 2001.</p>
<p style="text-align: justify;">Tamtok, sitio arqueológico huasteco, Vol. I, Su historia, sus edificios, (coauteur Claude Stresser-Péan), Instituto de Cultura de San Luis Potosí, Colegio de San Luis, INAH, CEMCA, Fondation Singer Polignac, Mexico, 2001.</p>
<p style="text-align: justify;">Le Soleil-Dieu et le Christ. La christianisation des Indiens du Mexique, vue de la Sierra Nord de Puebla, L’Harmattan, Paris, 2005.</p>
<p style="text-align: justify;">Tamtok, sitio arqueológico huasteco, Vol. II, Su vida cotidiana, (coauteur Claude Stresser-Péan), CEMCA, INAH, Instituto Cultural de San Luis Potosí, Fomento Cultural Banamex, Mexico, 2005.</p>
<p style="text-align: justify;">Viaje a la Huasteca con Guy Stresser-Péan, coordinador Guilhem Olivier, CEMCA, Fondo de Cultura Económica, Mexico, 2008.</p>
<p style="text-align: justify;">The Sun God and the Savior. The Christianization of the Nahua and Totonac in the Sierra Norte de Puebla, Mexico, University Press of Colorado, Boulder Colorado, 2009.</p>
<p style="text-align: justify;"><strong>Éditions posthumes<br />
</strong>El Sol-Dios y Cristo. La cristianización de los indios de Mexico vista desde la Sierra de Puebla, Fondo de Cultura Económica, CEMCA, Conaculta, Embajada de Francia en Mexico, Mexico, 2011.</p>
<p style="text-align: justify;">La Danse du Volador chez les Indiens du Mexique et de l&rsquo;Amérique Centrale, Riveneuve éditions, Paris, 2015.</p>
<p style="text-align: justify;">La Danza del Volador entre los indios de Mexico y América Central, Fondo de Cultura Económica, CEMCA, Secretaría de Cultura del gobierno de San Luis Potosí, El Colegio de San Luis, Mexico, 2016.</p>
<p style="text-align: justify;">Vista Hermosa, nobles artesanos y mercaderes en los confines del mundo huasteco. Estudio arqueológico de un sitio del Posclásico Tardío del municipio de Nuevo Morelos, Tamaulipas, México, Volumen I, Camino al Inframundo (Guy et Claude Stresser-Péan et Grégory Pereira), Claude Stresser-Péan coord., Secretaría de Cultura, INAH, Museo Nacional de Antropología, Fundación Stresser-Péan, CEMCA, Mexico, 2017.</p>
<p style="text-align: justify;"><strong>Articles</strong><br />
Plus de 70 articles scientifiques publiés dans des revues, des congrès ou des livres d’hommage. En français, espagnol ou anglais.</p>
<p>[/vc_column_text][/vc_column][/vc_row][/vc_section]</p>

<p>[vc_section css= ».vc_custom_1551290147430{margin-top: 0px !important;padding-top: 0px !important;padding-bottom: 55px !important;} »][vc_row][vc_column][vc_separator color= »custom » el_width= »10&Prime; accent_color= »#adadad »][vc_column_text] Né en 1913 à Paris, Guy Stresser-Péan, passe son… <a href="http://fundacion-stresser.com.mx/fr/guy-stresser-pean/">more</a></p>
